= x. Let d = k + 18. Let r = d + 17. What is the remainder when 57 is divided by r?
17
Let o be ((-6)/9)/(4/(-66)). Let p = o + -6. Suppose -78 = 8*h - 414. What is the remainder when h is divided by p?
2
Let c be (141/5)/(8/(-40)). Let j = c - -215. Calculate the remainder when 145 is divided by j.
71
Suppose -10435 + 2655 = 20*l. Let m = l - -505. What is the remainder when m is divided by 52?
12
Suppose -46*n - 855 + 2741 = 0. What is the remainder when 43007 is divided by n?
39
Suppose -42*i = 33*i - 675. Calculate the remainder when 1996 is divided by i.
7
Let w be 3/6 + (-284)/(-8). Let i be ((-24)/w)/(1 - (-2)/(-3)). What is the remainder when 37 is divided by i/(-3) + 754/39?
17
Let u(r) = -r + 163. Suppose -4*c + 3*n + 28 = -55, 5*n = -3*c + 55. What is the remainder when u(-35) is divided by c?
18
Suppose -64 = -a - 61*s + 62*s, 5*a - 2*s - 329 = 0. Calculate the remainder when a is divided by ((-62)/(-14) + -5)*595/(-10).
33
Suppose 5*r + 3*b - 5948 = 0, -206*b = -3*r - 209*b + 3576. Calculate the remainder when r is divided by 35.
31
Suppose -4*q = 6*p - 168, 56*q - 53*q = -p + 49. What is the remainder when (-786)/(-4) - 1/(-2) is divided by p?
21
Suppose -28 = 7*h - 3*h. Suppose 2*o - 2 = 2, o - 42 = -x. Calculate the remainder when (-117)/6*(h + 3) is divided by x.
38
Let u(t) be the third derivative of t**4/8 + 11*t**3 - 16*t**2 + 3*t. Suppose -5*r = -b - 145, 2*b = -2*b - 20. What is the remainder when u(5) is divided by r?
25
Let y(a) = a**3 - 17*a**2 + 2*a + 1. Let n be y(17). Suppose 1 + n = 2*r. Calculate the remainder when (-70)/3*15/(-10) is divided by r.
17
Suppose 22*d = 17*d - 10, 5*j - 5*d = 115. Calculate the remainder when 2116 is divided by j.
16
Let m = 132109 + -132098. Let j(x) = -x**3 + 2*x**2 - 2*x - 3. Let v(r) = -r. Let o(z) = j(z) + 2*v(z). Calculate the remainder when o(-3) is divided by m.
10
Suppose 23*b - 13077 = -9437 + 19544. Calculate the remainder when b is divided by 448.
112
Suppose 290*x - 8355 = 285*x. Calculate the remainder when x is divided by 18.
15
Suppose -2603 = -3*g - 2219. Calculate the remainder when 354 is divided by g.
98
Let j = 6128 + -6076. Calculate the remainder when 1506 is divided by j.
50
Suppose -49*f - 40*f = -98*f + 4203. What is the remainder when f is divided by 60?
47
Let f = -639 - -647. Suppose 3*g = 2*u - 42, -6*u + 3*g - 42 = -f*u. What is the remainder when u is divided by 5?
1
Let q = -223 - -33. Let k = -120 - q. What is the remainder when k is divided by 12?
10
Let l(t) = -2*t**2 + 172*t + 1184. What is the remainder when 2069 is divided by l(92)?
69
Suppose -m - 4*m = -230. Suppose 0 = 5*h - 374*h + 6273. Calculate the remainder when m is divided by h.
12
Let s = 6636 + -6574. Calculate the remainder when 118 is divided by s.
56
Suppose -865 = z - 4*r, 56*r - 54*r - 3418 = 4*z. Let v = -836 - z. Calculate the remainder when v is divided by 15*3*4/18.
7
Let k = 6880 - 5873. Calculate the remainder when k is divided by 92.
87
Let k = -1366 - -718. Let x = 685 + k. Calculate the remainder when 183 is divided by x.
35
Suppose n - 24 = 11*w - 12*w, -n = -3*w + 68. What is the remainder when 264/7 - 14/(-49) is divided by w?
15
Let j = 4896 - 4409. Calculate the remainder when j is divided by 162.
1
Suppose 0 = -4*b - 6*y + 2*y + 876, 3*b - 663 = 3*y. Let z = 61 + -5. Calculate the remainder when b is divided by z.
52
Let z(s) = 3*s + 294. Suppose 0 = -w + 3*w - 166. Calculate the remainder when z(40) is divided by w.
82
Suppose u = -3*p + 167, 3*u = 9*p - 6*p - 183. Suppose -4*d = -20 - 44. Let j = d + -1. What is the remainder when p is divided by j?
12
Let s(m) = -10*m + 1083. Calculate the remainder when s(75) is divided by 14.
11
Let b(h) = h**2 + 11*h - 32. Let j(a) = 32*a**2 - 7*a + 24. Let w be j(3). Suppose -5*r + 259 = -w. What is the remainder when r is divided by b(-15)?
26
Suppose 0 = 3*l + 2*q + 3720 - 543, q = -2*l - 2118. Let c = -959 - l. Calculate the remainder when c is divided by 18.
10
Let u = 19011 + -18149. What is the remainder when u is divided by 190?
102
Suppose -47*n + 49200 + 3144 = -3163. Calculate the remainder when n is divided by 99.
92
Let o(m) = -m + 4. Let i(d) = -6*d + 77. Let q be i(12). Calculate the remainder when 3*q/(-15) + 138/3 is divided by o(0).
1
Suppose -2*n - 2*y = -7740, -288*y = 4*n - 293*y - 15471. What is the remainder when n is divided by 25?
19
Let c be 6/9 + (-1904)/(-42). Suppose -c*m + 12*m + 476 = 0. What is the remainder when 164 is divided by m?
10
Suppose -1852 = -3*s - 5*r + 1057, 3*s - 2949 = 15*r. Calculate the remainder when 2924 is divided by s.
5
Let r = 21 - -4. Suppose -r*m + 5*m + 280 = 0. What is the remainder when 292 is divided by m?
12
Suppose 0 = -166*p + 174*p - 40. Suppose p*t + 42*t - 2303 = 0. Suppose 14 = 4*v - 38. Calculate the remainder when t is divided by v.
10
Suppose 0 = 3*s - s + 10. Let m(j) = j**2 + 7*j + 13. Let g be m(s). What is the remainder when ((g - 4) + 3)/(4/106) is divided by 16?
5
Let j(t) be the third derivative of -t**6/120 - t**5/12 + 5*t**4/12 - 5*t**3/2 - 129*t**2. What is the remainder when j(-7) is divided by 2/1 - (-5 + -1)?
5
Let l(g) = g**2 + 2*g - 21. Let i(s) = 3*s**2 + 6*s - 61. Let d(t) = 4*i(t) - 11*l(t). Calculate the remainder when d(7) is divided by 20.
10
Suppose -5*t - 113*g + 114*g = -742, 5*g = -10. Calculate the remainder when 21163 is divided by t.
147
Let z be (8 - 5 - 3)/(-1). Suppose z = 13*o - 39 - 403. Calculate the remainder when 271 is divided by o.
33
Let i(k) = 64*k - 1. Suppose -57 = -3*t + 6. What is the remainder when i(1) is divided by t?
0
Let a = 21198 + -21128. What is the remainder when 275 is divided by a?
65
Let t = 2485 + -2472. Calculate the remainder when 1506 is divided by t.
11
Let a(j) = 4*j**2 + 36*j - 5. Let p = 130 - 141. Calculate the remainder when a(p) is divided by 30.
23
Let s = -42092 + 42292. Calculate the remainder when 469 is divided by s.
69
Let w be 45*1 - (-2 - -1). Suppose 4*x - w - 62 = 0. Suppose 0 = -r + m + x, -2*r + 110 = 2*r - 5*m. What is the remainder when r is divided by 10?
5
Calculate the remainder when (-4)/(-14) - (-920)/14 is divided by 344/14 + ((-627)/418)/((-14)/4).
16
Suppose -2*w = -9*k - 1226 + 11912, -3*k = -w - 3564. What is the remainder when k is divided by 200?
186
Suppose 5*m = s - 549, -41*m - 2685 = -5*s - 46*m. What is the remainder when s is divided by 36?
35
Let f(k) = -k + 27. Calculate the remainder when 159 is divided by f(9).
15
Let z(v) = -v**3 - 8*v**2 + 80*v + 40. Calculate the remainder when 1823 is divided by z(-14).
95
Let d = 1659 - 1567. Calculate the remainder when d is divided by 19.
16
Suppose -39 = -3*i + m, 0 = 4*i - 5*i + m + 15. Calculate the remainder when (-1 - 182/(-6))*18/i is divided by (-23 - 0)*2/(-2).
21
Let i = 11920 - 11317. What is the remainder when 3021 is divided by i?
6
Let o be -2 + 24/18 + (-38)/6. Let x = o + 28. What is the remainder when 249 is divided by x?
18
Suppose 36557 + 13094 = 231*c + 5530. What is the remainder when 8780 is divided by c?
185
Let y = -20606 - -20849. What is the remainder when y is divided by 60?
3
Let v = 34718 + -34049. Calculate the remainder when v is divided by 67.
66
Let q(j) = 4*j + 4. Let t(h) = 15*h + 17. Let m(n) = -22*q(n) + 6*t(n). Let b be m(-6). What is the remainder when 3/(15/650) - 4/b is divided by 33?
29
Suppose 4*c - 5*z = 1700 + 689, -c = -z - 596. What is the remainder when c is divided by 17?
13
Let r = -8031 + 8198. What is the remainder when r is divided by 63?
41
Suppose 12*j - 263 - 205 = 0. Let r(d) = -4*d + 172. What is the remainder when -2*-6*37/4 is divided by r(j)?
15
Let x(l) = l**2 - 17*l + 65. Let p be x(8). Let i(v) = v**3 + 8*v**2 + 5*v + 70. What is the remainder when 164 is divided by i(p)?
80
Suppose -21*w + 2*m = -0*m - 6371, -4*w = 2*m - 1204. What is the remainder when w is divided by 116?
71
Suppose 4*t + m = 9*t + 4249, -4*t - m - 3392 = 0. Let q = -829 - t. Let w(b) = 6*b**3 + b**2 - 2*b + 1. What is the remainder when q is divided by w(1)?
2
Suppose t = 9*s - 12*s + 185, -4*s + 560 = 3*t. What is the remainder when 1870 is divided by t?
178
Suppose -4*g - 33 = -4*w + 23, -52 = 4*g - 3*w. Let r(h) = h**2 + h + 2. Suppose -54*f - 500 = -2174. What is the remai